{"id":88,"date":"2018-05-07T13:20:34","date_gmt":"2018-05-07T13:20:34","guid":{"rendered":"http:\/\/www.autodopravasvara.cz\/?page_id=88"},"modified":"2025-11-04T10:00:10","modified_gmt":"2025-11-04T10:00:10","slug":"vozovy-park-a-spedice","status":"publish","type":"page","link":"https:\/\/www.autodopravasvara.cz\/index.php\/vozovy-park-a-spedice\/","title":{"rendered":"Vozov\u00fd park a spedice"},"content":{"rendered":"<hr \/>\n<p style=\"text-align: left;\"><span style=\"color: #000000;\"><strong>NA\u0160E VOZY IVECO:<\/strong><\/span><\/p>\n<p style=\"text-align: left;\"><span style=\"color: #000000;\">8x 13,6m n\u00e1v\u011bs (plachta shrnovac\u00ed) &#8211; 34 palet do 25 tun (13,60 x 2, 48 x 2,75 m)<\/span><\/p>\n<p style=\"text-align: left;\"><span style=\"color: #000000;\">1x Souprava (plachta shrnovac\u00ed) &#8211; a\u017e pro 38 palet do 15 tun<\/span><\/p>\n<p style=\"text-align: left;\"><span style=\"color: #000000;\">2x Cargo (plachta shrnovac\u00ed) &#8211; 20 palet do 7,5 tun (8,15 x 2,48 x 2,75 m)<\/span><\/p>\n<p style=\"text-align: left;\"><span style=\"color: #000000;\">1x Cargo (plachta shrnovac\u00ed) &#8211; 19 palet do 5,5 tun (7,80 x 2,48 x 2,70 m)<\/span><\/p>\n<p style=\"text-align: left;\"><span style=\"color: #000000;\">1x Cargo (plachta shrnovac\u00ed) &#8211; 18 palet do 5,5 tun (7,20 x 2,48 x 2,50 m)<\/span><\/p>\n<p style=\"text-align: left;\"><span style=\"color: #000000;\">1x Cargo (sk\u0159\u00ed\u0148 s hydraulick\u00fdm \u010delem) &#8211; 15 palet do 3,5 tun (6,10 x 2,45 x 2,40 m)<\/span><\/p>\n<p style=\"text-align: left;\"><span style=\"color: #000000;\">1x Iveco Daily (sk\u0159\u00ed\u0148) &#8211; 6 palet do 1,3 tun<\/span><\/p>\n<hr \/>\n<p style=\"text-align: left;\"><span style=\"color: #000000;\"><strong>SPEDICE:<\/strong> Pro maxim\u00e1ln\u00ed spokojenost na\u0161ich z\u00e1kazn\u00edk\u016f, jsme schopni zajistit LKW dle Va\u0161ich po\u017eadavk\u016f, odkudkoliv-kamkoliv.<\/span><\/p>\n<p style=\"text-align: left;\"><span style=\"color: #000000;\"><strong>DISPE\u010cINK 24 hodin denn\u011b, 365(366) dn\u016f v roce.<\/strong><\/span><\/p>\n<hr \/>\n<p><span style=\"color: #993300;\"><strong>Vladim\u00edr \u0160v\u00e1ra s.r.o., Pr\u016fmyslov\u00e1 458, 39111 Plan\u00e1 nad Lu\u017enic\u00ed<\/strong><\/span><\/p>\n<p><span style=\"color: #993300;\"><strong>I\u010c: 04135938, DI\u010c: CZ04135938, Zaps\u00e1no u Krajsk\u00e9ho soudu v \u010cesk\u00fdch Bud\u011bjovic\u00edch odd\u00edl C, vlo\u017eka 23789<\/strong><\/span><\/p>\n","protected":false},"excerpt":{"rendered":"<p>NA\u0160E VOZY IVECO: 8x 13,6m n\u00e1v\u011bs (plachta shrnovac\u00ed) &#8211; 34 palet do 25 tun (13,60 x 2, 48 x 2,75 m) 1x Souprava (plachta shrnovac\u00ed) &#8211; a\u017e pro 38 palet do 15 tun 2x Cargo (plachta shrnovac\u00ed) &#8211; 20 palet do 7,5 tun (8,15 x 2,48 x 2,75 m) 1x Cargo (plachta shrnovac\u00ed) &#8211; 19<a class=\"moretag\" href=\"https:\/\/www.autodopravasvara.cz\/index.php\/vozovy-park-a-spedice\/\"><span class=\"screen-reader-text\">P\u0159e\u010dt\u011bte si v\u00edce o Vozov\u00fd park a spedice<\/span>[&#8230;]<\/a><\/p>\n","protected":false},"author":1,"featured_media":0,"parent":0,"menu_order":0,"comment_status":"closed","ping_status":"closed","template":"","meta":{"footnotes":""},"class_list":["post-88","page","type-page","status-publish","hentry"],"_links":{"self":[{"href":"https:\/\/www.autodopravasvara.cz\/index.php\/wp-json\/wp\/v2\/pages\/88","targetHints":{"allow":["GET"]}}],"collection":[{"href":"https:\/\/www.autodopravasvara.cz\/index.php\/wp-json\/wp\/v2\/pages"}],"about":[{"href":"https:\/\/www.autodopravasvara.cz\/index.php\/wp-json\/wp\/v2\/types\/page"}],"author":[{"embeddable":true,"href":"https:\/\/www.autodopravasvara.cz\/index.php\/wp-json\/wp\/v2\/users\/1"}],"replies":[{"embeddable":true,"href":"https:\/\/www.autodopravasvara.cz\/index.php\/wp-json\/wp\/v2\/comments?post=88"}],"version-history":[{"count":12,"href":"https:\/\/www.autodopravasvara.cz\/index.php\/wp-json\/wp\/v2\/pages\/88\/revisions"}],"predecessor-version":[{"id":323,"href":"https:\/\/www.autodopravasvara.cz\/index.php\/wp-json\/wp\/v2\/pages\/88\/revisions\/323"}],"wp:attachment":[{"href":"https:\/\/www.autodopravasvara.cz\/index.php\/wp-json\/wp\/v2\/media?parent=88"}],"curies":[{"name":"wp","href":"https:\/\/api.w.org\/{rel}","templated":true}]}}

Vozový park a spedice

<hr />
<p style="text-align: left;"><span style="color: #000000;"><strong>NAŠE VOZY IVECO:</strong></span></p>
<p style="text-align: left;"><span style="color: #000000;">8x 13,6m návěs (plachta shrnovací) &#8211; 34 palet do 25 tun (13,60 x 2, 48 x 2,75 m)</span></p>
<p style="text-align: left;"><span style="color: #000000;">1x Souprava (plachta shrnovací) &#8211; až pro 38 palet do 15 tun</span></p>
<p style="text-align: left;"><span style="color: #000000;">2x Cargo (plachta shrnovací) &#8211; 20 palet do 7,5 tun (8,15 x 2,48 x 2,75 m)</span></p>
<p style="text-align: left;"><span style="color: #000000;">1x Cargo (plachta shrnovací) &#8211; 19 palet do 5,5 tun (7,80 x 2,48 x 2,70 m)</span></p>
<p style="text-align: left;"><span style="color: #000000;">1x Cargo (plachta shrnovací) &#8211; 18 palet do 5,5 tun (7,20 x 2,48 x 2,50 m)</span></p>
<p style="text-align: left;"><span style="color: #000000;">1x Cargo (skříň s hydraulickým čelem) &#8211; 15 palet do 3,5 tun (6,10 x 2,45 x 2,40 m)</span></p>
<p style="text-align: left;"><span style="color: #000000;">1x Iveco Daily (skříň) &#8211; 6 palet do 1,3 tun</span></p>
<hr />
<p style="text-align: left;"><span style="color: #000000;"><strong>SPEDICE:</strong> Pro maximální spokojenost našich zákazníků, jsme schopni zajistit LKW dle Vašich požadavků, odkudkoliv-kamkoliv.</span></p>
<p style="text-align: left;"><span style="color: #000000;"><strong>DISPEČINK 24 hodin denně, 365(366) dnů v roce.</strong></span></p>
<hr />
<p><span style="color: #993300;"><strong>Vladimír Švára s.r.o., Průmyslová 458, 39111 Planá nad Lužnicí</strong></span></p>
<p><span style="color: #993300;"><strong>IČ: 04135938, DIČ: CZ04135938, Zapsáno u Krajského soudu v Českých Budějovicích oddíl C, vložka 23789</strong></span></p>

<p>NAŠE VOZY IVECO: 8x 13,6m návěs (plachta shrnovací) &#8211; 34 palet do 25 tun (13,60 x 2, 48 x 2,75 m) 1x Souprava (plachta shrnovací) &#8211; až pro 38 palet do 15 tun 2x Cargo (plachta shrnovací) &#8211; 20 palet do 7,5 tun (8,15 x 2,48 x 2,75 m) 1x Cargo (plachta shrnovací) &#8211; 19<a class="moretag" href="https://www.autodopravasvara.cz/index.php/vozovy-park-a-spedice/"><span class="screen-reader-text">Přečtěte si více o Vozový park a spedice</span>[&#8230;]</a></p>
